
True
Is 15 a factor of 5937?
False
Does 64 divide 59648?
True
Is 141 a factor of 21573?
True
Is 3 a factor of 530?
False
Does 13 divide 1469?
True
Does 13 divide 1514?
False
Does 5 divide 36101?
False
Is 805 a multiple of 9?
False
Is 3 a factor of 6103?
False
Is 19 a factor of 1122?
False
Does 13 divide 59605?
True
Does 9 divide 414?
True
Is 63115 a multiple of 12?
False
Does 30 divide 1683?
False
Is 1188 a multiple of 11?
True
Is 45 a multiple of 5?
True
Is 3 a factor of 141?
True
Is 3 a factor of 9620?
False
Is 33 a factor of 924?
True
Does 175 divide 5775?
True
Is 13 a factor of 2275?
True
Does 90 divide 46440?
True
Is 380 a multiple of 5?
True
Is 37 a factor of 925?
True
Is 37 a factor of 53280?
True
Is 178 a factor of 90780?
True
Is 175 a factor of 5075?
True
Is 27590 a multiple of 10?
True
Does 56 divide 1344?
True
Is 58 a factor of 1185?
False
Is 309 a factor of 102329?
False
Does 32 divide 2688?
True
Does 37 divide 11914?
True
Is 83 a factor of 5907?
False
Does 27 divide 756?
True
Is 20165 a multiple of 37?
True
Does 12 divide 17616?
True
Is 59 a factor of 99923?
False
Is 22540 a multiple of 49?
True
Is 425 a multiple of 3?
False
Is 57 a factor of 1241?
False
Does 82 divide 2920?
False
Does 23 divide 45793?
True
Is 753 a multiple of 12?
False
Does 81 divide 28431?
True
Is 26076 a multiple of 246?
True
Does 21 divide 4242?
True
Is 1071 a multiple of 6?
False
Does 46 divide 328?
False
Is 1793 a multiple of 3?
False
Is 5 a factor of 510?
True
Is 46 a factor of 731?
False
Does 24 divide 526?
False
Does 165 divide 41352?
False
Is 9 a factor of 3453?
False
Does 7 divide 150?
False
Is 710 a multiple of 16?
False
Does 10 divide 140?
True
Does 23 divide 10994?
True
Is 3 a factor of 502?
False
Does 54 divide 972?
True
Is 7 a factor of 4543?
True
Is 16 a factor of 31685?
False
Is 53 a factor of 17649?
True
Is 45 a factor of 341?
False
Is 390 a multiple of 26?
True
Is 2216 a multiple of 11?
False
Is 512 a multiple of 32?
True
Does 49 divide 5760?
False
Does 19 divide 956?
False
Is 19 a factor of 91?
False
Does 29 divide 116?
True
Is 2764 a multiple of 54?
False
Does 24 divide 3385?
False
Is 3 a factor of 40690?
False
Is 263 a factor of 5892?
False
Does 54 divide 37422?
True
Is 23 a factor of 54501?
False
Is 1873 a multiple of 3?
False
Is 753 a multiple of 5?
False
Is 44 a factor of 8096?
True
Does 35 divide 28665?
True
Is 7 a factor of 3400?
False
Does 290 divide 34882?
False
Does 5 divide 1020?
True
Is 98 a factor of 11123?
False
Does 82 divide 31406?
True
Does 50 divide 1300?
True
Is 27 a factor of 3041?
False
Does 88 divide 611?
False
Does 14 divide 3976?
True
Is 531 a multiple of 15?
False
Does 9 divide 846?
True
Does 101 divide 13938?
True
Does 99 divide 4851?
True
Is 7 a factor of 742?
True
Is 73 a factor of 6789?
True
Does 4 divide 27?
False
Is 2736 a multiple of 59?
False
Does 30 divide 2340?
True
Is 12 a factor of 8793?
False
Does 149 divide 62881?
False
Is 24 a factor of 24?
True
Does 69 divide 276?
True
Is 9 a factor of 189?
True
Is 4 a factor of 172?
True
Is 37411 a multiple of 209?
True
Is 19980 a multiple of 74?
True
Does 17 divide 7667?
True
Does 11 divide 17959?
False
Is 2 a factor of 1004?
True
Is 3468 a multiple of 42?
False
Does 20 divide 500?
True
Is 26568 a multiple of 8?
True
Is 20 a factor of 215?
False
Is 14 a factor of 644?
True
Is 1200 a multiple of 10?
True
Is 17 a factor of 15181?
True
Is 14 a factor of 126?
True
Does 28 divide 140?
True
Does 17 divide 787?
False
Is 8 a factor of 1192?
True
Does 61 divide 15240?
False
Is 64 a factor of 45056?
True
Is 367 a factor of 39454?
False
Is 2724 a multiple of 15?
False
Is 19 a factor of 171?
True
Does 176 divide 7920?
True
Does 54 divide 16522?
False
Is 4 a factor of 131?
False
Is 491 a multiple of 4?
False
Does 14 divide 4492?
False
Is 255 a multiple of 51?
True
Does 44 divide 3520?
True
Is 7327 a multiple of 42?
False
Does 56 divide 4933?
False
Does 98 divide 12214?
False
Does 2 divide 233?
False
Is 4 a factor of 8007?
False
Does 66 divide 1617?
False
Is 9 a factor of 4662?
True
Does 31 divide 2139?
True
Does 26 divide 179?
False
Is 11 a factor of 16677?
False
Is 1740 a multiple of 58?
True
Does 53 divide 5189?
False
Does 100 divide 46100?
True
Does 8 divide 1384?
True
Does 93 divide 5952?
True
Is 14 a factor of 50362?
False
Does 16 divide 19904?
True
Is 11 a factor of 88?
True
Is 9937 a multiple of 19?
True
Is 3351 a multiple of 50?
False
Is 13 a factor of 4548?
False
Is 19 a factor of 988?
True
Is 20492 a multiple of 47?
True
Is 600 a multiple of 50?
True
Is 2581 a multiple of 15?
False
Does 5 divide 7108?
False
Does 6 divide 57553?
False
Does 28 divide 3887?
False
Is 11 a factor of 943?
False
Is 150 a factor of 11803?
False
Is 17579 a multiple of 10?
False
Is 10 a factor of 652?
False
Is 259 a factor of 12950?
True
Is 26 a factor of 7731?
False
Is 18 a factor of 4230?
True
Is 1574 a multiple of 10?
False
Does 64 divide 1536?
True
Is 467 a multiple of 22?
False
Does 3 divide 9483?
True
Does 22 divide 770?
True
Is 54075 a multiple of 105?
True
Is 14 a factor of 4514?
False
Is 168 a multiple of 24?
True
Is 9 a factor of 11952?
True
Is 10 a factor of 643?
False
Is 180 a factor of 50559?
False
Does 18 divide 1694?
False
Is 221 even?
False
Does 190 divide 1885?
False
Is 756 a multiple of 18?
True
Does 23 divide 2323?
True
Is 6176 even?
True
Is 371 a multiple of 7?
True
Does 80 divide 343?
False
Does 78 divide 6276?
False
Is 59 a factor of 5723?
True
Is 242 a multiple of 14?
False
Is 28 a factor of 784?
True
Is 16 a factor of 2056?
False
Does 2 divide 1080?
True
Does 168 divide 18835?
False
Does 84 divide 139?
False
Does 50 divide 600?
True
Does 23 divide 115?
True
Is 61 a factor of 10431?
True
Is 972 a multiple of 18?
True
Does 125 divide 4625?
True
Is 27 a factor of 864?
True
Is 12860 a multiple of 34?
False
Does 8 divide 192?
True
Is 77 a factor of 39578?
True
Is 11 a factor of 14228?
False
Is 173 a factor of 12110?
True
Does 30 divide 2286?
False
Is 69135 a multiple of 15?
True
Does 8 divide 448?
True
Is 23 a factor of 171?
False
Does 7 divide 385?
True
Is 7168 a multiple of 128?
True
Is 11 a factor of 473?
True
Does 21 divide 576?
False
Is 35 a factor of 9135?
True
Is 3 a factor of 704?
False
Is 43 a factor of 2720?
False
Is 44 a multiple of 22?
True
Is 55 a factor of 1705?
True
Is 39064 a multiple of 29?
False
Is 3199 a multiple of 37?
False
Does 13 divide 2119?
True
Is 44464 a multiple of 8?
True
Is 5 a factor of 31669?
False
Is 2704 a multiple of 13?
True
Is 6423 a multiple of 19?
False
Is 141 a factor of 4740?
False
Is 594 a multiple of 27?
True
Is 23 a factor of 184?
True
Is 51 a factor of 574?
False
Is 76870 a multiple of 10?
True
Is 27372 a multiple of 4?
True
Is 11 a factor of 836?
True
Does 29 divide 14181?
True
Is 20 a factor of 780?
True
Is 5928 a multiple of 52?
True
Is 83856 a multiple of 27?
False
Is 10 a factor of 82560?
True
Is 4 a factor of 12?
True
Is 954 a multiple of 10?
False
Is 17 a factor of 679?
False
Is 481 a multiple of 18?
False
Is 8254 a multiple of 68?
False
Is 13 a multiple of 6?
False
Is 3109 a multiple of 16?
False
Is 31 a factor of 11607?
False
Is 564 a multiple of 26?
False
Is 179 a factor of 17542?
True
Is 840 a multiple of 10?
True
Does 10 divide 990?
True
Is 32 a factor of 512?
True
Is 14 a factor of 5880?
True
Is 35 a factor of 8995?
True
Is 3 a factor of 615?
True
Does 6 divide 407?
False
Is 18103 a multiple of 5?
False
Is 4792 a multiple of 20?
False
Does 7 divide 2569?
True
Does 28 divide 520?
False
Does 71 divide 2485?
True
Is 8468 a multiple of 116?
True
Does 112 divide 8890?
False
Is 2973 a multiple of 18?
False
Is 1979 a multiple of 18?
False
Does 47 divide 302?
False
Is 9 a factor of 864?
True
Is 191 a multiple of 20?
False
Does 21 divide 5292?
True
Is 4 a factor of 1760?
True
Is 13 a factor of 39?
True
Is 70 a factor of 332?
False
Is 14 a factor of 1722?
True
Is 1377 a multiple of 16?
False
Does 13 divide 845?
True
Is 56 a factor of 1427?
False
Does 16 divide 11113?
False
Is 22 a multiple of 16?
False
Is 11 a factor of 785?
False
Does 34 divide 2988?
False
Is 48 a factor of 370?
False
Does 30 divide 885?
False
Does 117 divide 8073?
True
Does 12 divide 4344?
True
Is 1188 a multiple of 33?
True
Is 9 a factor of 1836?
True
Is 